 -52 - 28 = -5*p - i. What is d(p)?
-46
Suppose -155*m = -353*m + 1583 + 1. Let x(t) = -t**2 + 16*t - 70. Give x(m).
-6
Let j(q) = -q - 6. Let x be j(-5). Let g = 298 - 273. Let s(p) = 2459*p - g*p**2 + 8*p**2 - 2458*p. Calculate s(x).
-18
Let u(m) be the first derivative of -m**3 - 7*m**2 - 21*m - 31. Let x(w) = 2*w**2 + 9*w + 14. Let p(r) = -5*u(r) - 7*x(r). Determine p(-5).
-3
Let r(h) = -5*h**2 - 2*h - 1. Let t = 103 + -215. Let a = t - -111. Determine r(a).
-4
Let h(w) = -6*w + 11. Let o be 5/(-6) - 28/24. Let a(v) = -5*v + 9. Let u(m) = o*h(m) + 3*a(m). Determine u(5).
-10
Let s(y) = -y - 2. Let w(i) = 8*i + 107. Let r be w(-13). Suppose -3*t + r*d = 0, 14*d = -t + 11*d. What is s(t)?
-2
Let c(m) = -m**2 + 19*m - 57. Let d = -5370 - -5376. Give c(d).
21
Let h = -2117 + 2103. Let r(f) = 2*f + 35. Determine r(h).
7
Let j(s) = -28*s**2 - 22*s - 8. Let t(c) = -33*c**2 - 22*c - 8. Let u(h) = -6*j(h) + 5*t(h). Determine u(-6).
-16
Let r(o) = -14 + 2953*o + o**3 + 2929*o + 7*o**2 - 8832*o + 2930*o. What is r(-9)?
4
Suppose 39*k + 241751 = 241556. Let z(v) be the second derivative of -v**5/20 - v**4/3 + v**3 - v**2 - v. Determine z(k).
-7
Let d = -30278 - -30281. Let v(w) = w**3 - 8*w**2 + 8*w - 9. Determine v(d).
-30
Let h(b) = b**3 + 11*b**2 + 26*b + 9. Let g(z) = 54*z - 494. Let c be g(9). Give h(c).
-7
Let q be (-51)/(-21) + (-6)/14. Let h(m) = -5*m - m**q + 2*m - 3*m + 3. Let a be 1404/(-243) - (24/27)/4. What is h(a)?
3
Suppose -12*d = 5 - 29. Suppose 0 = -17*f + 15*f + 10, d*i - 4*f = -24. Let b(q) = -2*q**2 + 2*q. Determine b(i).
-12
Let t(s) = 69 + 19*s + 78 - s**3 + 4*s**2 - 189. Give t(6).
0
Let a(s) = 25*s - 12. Let f be a(-2). Let d be 15 + -11 - (0 + f). Let t = d + -55. Let o(i) = i**3 - 10*i**2 - 9*i - 13. Determine o(t).
9
Let b(h) be the second derivative of h**4/2 - 5*h**3/6 + 5*h**2/2 - 172*h - 3. Determine b(3).
44
Let u(a) = 2*a**3 + 3*a**2 - 3*a**3 + 0*a**2 + 3 - 4*a. Suppose -367*n = -362*n - 105. Suppose -5*o + 31 = n. Calculate u(o).
-1
Let w(f) = -3*f**2 - 3937*f + 2*f**2 + 3939*f. Let x(j) = -5*j - j**2 + 6*j + 0*j. Let k(p) = 6*w(p) - 5*x(p). Calculate k(7).
0
Let v = -1216 - -1208. Let r(t) = t**2 + 12*t + 5. Give r(v).
-27
Let q(i) = 2*i**2 - 3*i + 2. Let g be 0 + 1 + (-11)/(88/(-16)). Calculate q(g).
11
Let l(a) = 10*a**3 - 3*a**2 - 2*a + 3. Let x be l(1). Let o be (3/2)/((-2)/x). Let b(s) be the second derivative of s**3/3 + 4*s**2 - s. Calculate b(o).
-4
Let j(d) = -d + 1. Let i(g) = g - 1. Let a = 10 - 11. Let f(t) = a*j(t) - 2*i(t). Let v = 1015 - 1011. Give f(v).
-3
Let o be (3 + -7)/((-6)/(-12)). Let p(w) be the third derivative of w**4/24 - 3*w**3/2 + 14*w**2. Determine p(o).
-17
Let r(s) be the third derivative of 1/6*s**4 - 1/40*s**5 + 0 + 1/360*s**6 + 19*s**2 + 0*s + 23/6*s**3. Let x(p) be the first derivative of r(p). Give x(5).
14
Let s = 190 - 193. Let w(i) = -2*i**3 - 2*i - 3. Let q(t) = 5*t**3 + 5*t + 8. Let a(r) = s*q(r) - 8*w(r). Let j = 3 + -2. What is a(j)?
2
Let g(c) = -11876*c**3 + 11*c**2 + 3954*c**3 + 7*c + 3960*c**3 + 3960*c**3. Calculate g(6).
6
Let n(k) = -4*k**2 + 5*k - 2. Let w(i) = 2*i**2 - 3*i + 2. Let t(b) = -2*n(b) - 5*w(b). Give t(3).
-9
Let y(w) = -w + 7. Suppose 2*v = -2*r, 5*v = 2*r - r - 12. Suppose 3*o = r*o. Suppose o = g - 3 - 2. Give y(g).
2
Let r = 5904 - 5898. Let p(a) = 11*a - 77. Calculate p(r).
-11
Let f = 16 + -11. Suppose f*l - 28 = -2*g, -l + 4*g - 3 = -13. Suppose 0 = l*u + 1 - 19. Let i(r) = -r + 2. Calculate i(u).
-1
Suppose 14*r - 14 = -280. Let u = -17 - r. Let c(p) = -10*p - p**u - 4 - 3 + 3. Give c(-9).
5
Let i(z) = 21*z**3 + 2*z**2 + 2*z - 3. Let t(v) = -20*v**3 - v**2 + 1. Let a(p) = -i(p) - t(p). What is a(3)?
-40
Let f(m) be the third derivative of -m**5/30 + m**4/8 + m**3/3 - 79*m**2. Suppose 0*v + 2*v = -2, 3*s - 3*v - 15 = 0. What is f(s)?
-18
Let c(r) = -r**3 - 8*r**2 - 9*r + 4. Suppose 0 = -5*p - z + 65, p - 55 = -4*p + z. Suppose 0 = -3*d - 5*w - 16, -p = -12*d + 14*d + 2*w. What is c(d)?
18
Let r(l) = -l**3 + 5*l**2 - l - 2. Let t = -253 - -261. Suppose i = 2*p + 14, i + 3 + t = -3*p. Determine r(i).
10
Suppose -11*f = 6*f + 42*f + 59. Let p(d) be the first derivative of 7*d**4/4 - d**3/3 - 16. Give p(f).
-8
Suppose -l - 3*q = -5, -5*q - 13 = 4*l - 33. Let z(d) be the first derivative of d**2/2 - 6*d - 1922. Give z(l).
-1
Let u(a) = a + 1. Let t = 4 - 4. Let z be 7 + (7/(14/(-8)))/2. Suppose t = z*d - 2*h + 31, d + 4*h - 6 = 1. Give u(d).
-4
Let q(v) = -66*v - 12. Let f(w) = -17*w - 1. Let a(t) = -4*f(t) + q(t). Calculate a(-4).
-16
Let u(a) = a**3 - 3*a**2 - 3*a. Let d(j) be the first derivative of -9*j**2 + 10*j - 10. Let c be d(-4). Let z = c - 78. Give u(z).
4
Let o(f) be the first derivative of -f**4/4 - 11*f**3/3 - 3*f**2 - 2*f - 644. Calculate o(-10).
-42
Let r be -6 + (756/420 - 99/(-20)). Let v(w) be the first derivative of w + 1/3*w**3 + 1/2*w**2 - 13 - r*w**4. Calculate v(-1).
4
Let i(f) = 74*f**3 - 34*f**2 - 37*f - 112. Let k(x) = -47*x**3 + 23*x**2 + 24*x + 74. Let v(j) = 7*i(j) + 11*k(j). Give v(-15).
-45
Let t = -794 + 803. Suppose 3*m + 0*b + t = 4*b, -2*m + 3*b = 7. Let x(n) = -n + 1. Determine x(m).
0
Let b(k) = -103*k**3 + 24*k - 12 + 24*k**2 + 60*k**3 + 44*k**3. Determine b(-23).
-35
Let n(k) = 5*k. Let y = 8 + 11. Suppose -y*f + 25*f = -198. Let h = -32 - f. Determine n(h).
5
Let b(c) = -c. Let y be b(4). Let k(g) = 3*g + 103. Let u be k(-34). Let t(w) = w - 13 + 7 + 6 + u. Determine t(y).
-3
Suppose 34*g - 4 = 35 + 301. Let t(x) = 3*x - 53. Determine t(g).
-23
Let j(h) = -4*h + 4. Suppose 6*x - 14 = 4*x + 5*b, -x - 5*b - 8 = 0. Calculate j(x).
-4
Let y(s) = -s + 1. Suppose 144 = 5*o - 5*q + 4, 2*o - 71 = -q. Let v(j) = 13*j - 420. Let z be v(o). Give y(z).
-8
Let k(d) = -8*d + 1. Let j(n) = 2*n - 4. Let g(y) = j(y) + 2*k(y). Give g(2).
-30
Suppose 3*c - 20 = -6*v + 2*v, -5 = -v - c. Suppose -2*w = -0*w, -5*a + 5*w = -v. Let t = 0 - a. Let i(h) = 6*h**3 - 1. Calculate i(t).
-7
Suppose -3*y - 10994 + 11000 = 0. Let h(s) = s + 7. Let z be h(-5). Let a(w) = w**z + 2*w - 2*w**2 + w**3 - 2 - 4*w**2 + 4. What is a(y)?
-6
Let v(s) = 2*s**2 - 16*s + 4. Let d be v(0). Let x(a) = 2*a - 9. Let b(t) = 5*t - 17. Let w(m) = 3*b(m) - 5*x(m). What is w(d)?
14
Let y(a) be the third derivative of -a**6/120 + a**5/10 + a**3/3 - 2*a**2. Let s = 29 + -13. Suppose s = v + 10. Determine y(v).
2
Let p(q) = -1 + 0*q - q - 2. Let a(v) = 1468*v + 30834. Let z be a(-21). Determine p(z).
-9
Let f = 155 - 157. Let k be (-18)/12*f/(-3). Let d(y) = -2*y + 21 - 7 - 15 - 19*y**2. What is d(k)?
-18
Let u(l) = -6*l. Let s = -105 - -110. Suppose a - 9 = s*p, a + 0 - 7 = 3*p. Give u(a).
-24
Let n(x) = x**3 - 7*x**2 + 3*x - 9. Let r = -6543 + 6549. What is n(r)?
-27
Let l(u) = -7*u - 32. Let g(z) = z**3 + 86*z**2 + 553*z - 4. Let t be g(-79). What is l(t)?
-4
Let y(h) = -h**2 - 32*h - 27. Let q be y(-31). Let a(r) = -8*r - 1 + r + q + r. Calculate a(2).
-9
Let t = -11 + 17. Let u(r) be the second derivative of -r**4/12 + 5*r**3/6 + 3*r**2 + 47132*r. Calculate u(t).
0
Let l(t) = t + 12. Let n = -106 - -110. Let m be (n/(-18))/(-1) + (-10)/45. Calculate l(m).
12
Let j(h) be the second derivative of h**4/12 + 7*h**3/6 - 33*h**2/2 + 91*h + 1. Calculate j(-10).
-3
Let v(u) be the first derivative of -u**2 + u + 425. Suppose 4*g - 2 = 2*f, 9*g - 7*g - 26 = -4*f. Give v(g).
-5
Let f(z) = -z**3 - 5*z**2 + 4*z - 7. Let u(t) = -4*t**3 - 15*t**2 + 13*t - 22. Let q(s) = 7*f(s) - 2*u(s). Suppose 3*h + 13 = -215. Let m = h - -81. Give q(m).
5
Let i(v) be the second derivative of 1/720*v**6 + 0*v**5 + 0*v**2 - 16*v + 0 + 1/6*v**4 + 0*v**3. Let j(r) be the third derivative of i(r). Determine j(5).
5
Let x(r) = r**3 + 11*r**2 - 28*r - 12. Suppose -10 - 37 = 2*m - 3*w, -7*m = 2*w + 77. Give x(m).
14
Let u(g) = -5*g**2 + 6*g + 11. Let r(m) = 4*m**2 - 5*m - 10. Let v(s) = 4*r(s) + 3*u(s). Suppose 5*f - 20 - 5 = 0. What is v(f)?
8
Let h(n) = -n**2 - 27*n - 150. Let k be h(-8). Let c(v) be the second derivative of -1/2*v**2 + k*v - 1/2*v**4 + 1/3*v**3 + 0. Give c(1).
-5
Let u(g) = 5*g**3 - 6*g + 25225 - 4*g**3 - 20*g**2 - 25259 - 13*g. Determine u(21).
8
Let l(i) = -2*i**2 - 17*i - 12. Let r be (0 - 7)/(161/(-46)). Suppose -5*d + r*g + 24 = -9*d, 56 = -5*d + 4*g. Give l(d).
-4
Let n